a multiple of 846?
True
Is 8145972 a multiple of 318?
False
Does 8 divide 176760?
True
Does 103 divide 1005506?
False
Is 432278 a multiple of 401?
True
Does 390 divide 6596531?
False
Does 24 divide 1329672?
True
Does 71 divide 305255?
False
Does 37 divide 32819?
True
Is 1011408 a multiple of 758?
False
Is 181904 a multiple of 8?
True
Does 13 divide 797628?
True
Does 18 divide 59278?
False
Is 130029 a multiple of 89?
True
Does 169 divide 188942?
True
Does 45 divide 112236?
False
Does 118 divide 580560?
True
Does 42 divide 1418130?
True
Does 352 divide 448481?
False
Does 40 divide 396442?
False
Is 526 a factor of 2892249?
False
Is 602217 a multiple of 13?
False
Does 13 divide 2236910?
True
Does 178 divide 2259270?
False
Does 189 divide 112109?
False
Is 36 a factor of 617400?
True
Is 321 a factor of 49826?
False
Is 471 a factor of 5624682?
True
Is 24 a factor of 67215?
False
Does 68 divide 272?
True
Does 193 divide 102097?
True
Does 21 divide 240786?
True
Does 6 divide 4624711?
False
Is 76342 a multiple of 49?
True
Is 572966 a multiple of 10?
False
Is 10 a factor of 67978?
False
Is 35 a factor of 224420?
True
Is 9 a factor of 228760?
False
Is 41 a factor of 395445?
True
Is 596730 a multiple of 61?
False
Is 680352 a multiple of 24?
True
Is 11 a factor of 476300?
True
Does 4 divide 20105?
False
Does 44 divide 60368?
True
Is 354 a factor of 5991096?
True
Is 904 a factor of 12173264?
True
Does 4 divide 856774?
False
Does 587 divide 3327116?
True
Does 1954 divide 2364340?
True
Is 3 a factor of 68157?
True
Is 1175698 a multiple of 204?
False
Does 36 divide 7793999?
False
Does 110 divide 181322?
False
Is 796 a factor of 5966054?
False
Does 84 divide 2856672?
True
Is 37 a factor of 1223369?
False
Is 561723 a multiple of 339?
True
Is 31809 a multiple of 3?
True
Is 572310 a multiple of 45?
True
Is 48 a factor of 92012?
False
Does 127 divide 218561?
False
Does 188 divide 4017801?
False
Does 15 divide 15429075?
True
Is 1451800 a multiple of 122?
True
Is 150224 a multiple of 21?
False
Is 45 a factor of 327602?
False
Is 23 a factor of 40066?
True
Is 204 a factor of 2890680?
True
Does 3 divide 584620?
False
Is 532950 a multiple of 95?
True
Does 33 divide 321519?
True
Is 504 a factor of 491167?
False
Does 254 divide 749880?
False
Is 181 a factor of 331411?
True
Is 435566 a multiple of 2?
True
Is 10323978 a multiple of 14?
True
Is 20 a factor of 3262519?
False
Is 9 a factor of 251334?
True
Is 484 a factor of 3533200?
True
Is 271143 a multiple of 392?
False
Is 79 a factor of 4465080?
True
Does 2379 divide 11773671?
True
Does 140 divide 2795380?
True
Is 95 a factor of 317086?
False
Does 55 divide 2913075?
True
Is 105 a factor of 7035?
True
Does 962 divide 2741700?
True
Is 33 a factor of 7365798?
True
Is 16 a factor of 1010803?
False
Does 133 divide 2372188?
True
Does 10 divide 2476170?
True
Does 127 divide 280035?
True
Is 98775 a multiple of 25?
True
Is 1179 a factor of 948974?
False
Is 52 a factor of 220896?
True
Does 58 divide 1448014?
False
Is 100 a factor of 238700?
True
Is 13 a factor of 645125?
True
Is 1885762 a multiple of 59?
False
Is 17 a factor of 516001?
True
Is 205107 a multiple of 13?
False
Is 4 a factor of 721486?
False
Is 8899352 a multiple of 67?
False
Does 3 divide 18468?
True
Does 51 divide 66218?
False
Does 1390 divide 5226400?
True
Is 3240 even?
True
Is 43 a factor of 6562359?
True
Is 31 a factor of 87785?
False
Is 4706797 a multiple of 15?
False
Is 56 a factor of 4225816?
True
Is 7 a factor of 418935?
False
Is 6 a factor of 255290?
False
Does 42 divide 69259?
False
Is 106 a factor of 7582636?
False
Does 78 divide 1012362?
True
Is 23 a factor of 58652?
False
Is 163 a factor of 3038416?
False
Is 122 a factor of 99918?
True
Is 6 a factor of 2571951?
False
Is 99248 a multiple of 7?
False
Is 35 a factor of 27370?
True
Is 191760 a multiple of 11?
False
Does 52 divide 6361885?
False
Does 199 divide 141489?
True
Is 71 a factor of 21229?
True
Does 1165 divide 546996?
False
Is 136247 a multiple of 35?
False
Does 4 divide 650816?
True
Is 14 a factor of 2080470?
True
Is 9958770 a multiple of 103?
False
Is 149 a factor of 26694?
False
Is 6725104 a multiple of 12?
False
Does 15 divide 8237056?
False
Is 6 a factor of 421670?
False
Is 528687 a multiple of 963?
True
Is 52 a factor of 689004?
False
Is 62744 a multiple of 44?
True
Is 153502 a multiple of 23?
True
Does 23 divide 115253?
True
Is 8 a factor of 552099?
False
Is 1554010 a multiple of 95?
True
Is 3 a factor of 3820?
False
Is 726102 a multiple of 214?
True
Does 385 divide 308385?
True
Is 83243 a multiple of 27?
False
Does 7 divide 749063?
True
Does 648 divide 1062720?
True
Is 5125047 a multiple of 13?
False
Is 92 a factor of 145360?
True
Is 10301 even?
False
Does 23 divide 358777?
True
Is 594 a factor of 7145226?
True
Does 1755 divide 3521935?
False
Is 10 a factor of 185968?
False
Is 607662 a multiple of 81?
True
Does 243 divide 2973348?
True
Does 456 divide 2755109?
False
Is 370625 a multiple of 2?
False
Does 107 divide 72012?
False
Is 46844 a multiple of 478?
True
Does 74 divide 38522?
False
Is 5 a factor of 2462575?
True
Is 108 a factor of 1192793?
False
Is 49 a factor of 175518?
True
Is 46 a factor of 14236908?
True
Does 415 divide 125330?
True
Is 4423025 a multiple of 27?
False
Is 1213158 a multiple of 2?
True
Is 8427804 a multiple of 294?
True
Does 272 divide 3177504?
True
Is 483 a factor of 11408318?
False
Is 294 a factor of 606228?
True
Is 626 a factor of 806914?
True
Is 137 a factor of 2974578?
False
Is 566838 a multiple of 81?
True
Is 3238121 a multiple of 119?
False
Is 1178049 a multiple of 8?
False
Is 50 a factor of 5623?
False
Does 1032 divide 7055604?
False
Is 2838855 a multiple of 11?
False
Is 149 a factor of 97148?
True
Is 606 a factor of 143016?
True
Does 23 divide 144693?
True
Is 4262476 a multiple of 13?
False
Is 1951040 a multiple of 520?
True
Is 3213419 a multiple of 671?
True
Does 169 divide 199589?
True
Does 19 divide 7002545?
True
Does 7 divide 63629?
False
Is 173450 a multiple of 12?
False
Does 7 divide 10517?
False
Does 105 divide 596767?
False
Is 133 a factor of 305?
False
Is 62 a factor of 1590052?
True
Does 2 divide 308418?
True
Does 185 divide 10236975?
True
Does 113 divide 50963?
True
Is 4977154 a multiple of 13?
True
Does 20 divide 2368160?
True
Is 128692 a multiple of 17?
False
Is 121 a factor of 8032618?
False
Is 588 a factor of 33516?
True
Does 22 divide 26906?
True
Does 9 divide 52677?
True
Does 12 divide 307471?
False
Does 333 divide 2643020?
False
Does 13 divide 4452331?
True
Is 789 a factor of 3333525?
True
Is 2335920 a multiple of 48?
True
Is 244862 a multiple of 31?
False
Is 13 a factor of 72865?
True
Is 74403 a multiple of 26?
False
Is 930513 a multiple of 130?
False
Is 1241641 a multiple of 10?
False
Is 118 a factor of 15783466?
False
Does 64 divide 360683?
False
Is 32 a factor of 7583?
False
Is 7273125 a multiple of 9?
True
Does 31 divide 332444?
True
Is 13 a factor of 778323?
True
Is 79200 a multiple of 264?
True
Is 14 a factor of 227688?
False
Is 79581 a multiple of 123?
True
Is 3 a factor of 36811?
False
Does 43 divide 4183126?
True
Is 21328686 a multiple of 1735?
False
Is 225900 a multiple of 75?
True
Is 47 a factor of 25380?
True
Is 3332291 a multiple of 55?
False
Does 49 divide 989016?
True
Does 31 divide 6769021?
False
Is 104 a factor of 94224?
True
Is 1335117 a multiple of 4?
False
Is 558017 a multiple of 2?
False
Does 6 divide 38399?
False
Is 26725 a multiple of 4?
False
Is 3 a factor of 2613498?
True
Is 93 a factor of 389019?
True
Does 191 divide 119566?
True
Is 183 a factor of 199300?
False
Is 8 a factor of 229848?
True
Is 210 a factor of 119684?
False
Is 235 a factor of 298411?
False
Does 175 divide 313417?
False
Is 11737102 a multiple of 110?
False
Is 1207259 even?
False
Does 265 divide 442020?
True
Is 644777 a multiple of 447?
False
Does 27 divide 71523?
True
Does 15 divide 269010?
True
Is 386166 a multiple of 33?
True
Is 132104 a multiple of 56?
True
Is 24330 a multiple of 5?
True
Is 950152 a multiple of 8?
True
Does 58 divide 5914492?
True
Is 2761616 a multiple of 24?
False
Is 1501759 a multiple of 61?
True
Is 136373 a multiple of 3?
False
Is 113 a factor of 29493?
True
Is 148313 a multiple of 11?
True
Is 67 a factor of 994481?
True
Is 6 a